20*c + 259049. Give l(-176).
-23
Let x(z) = -3729*z - 227467. Calculate x(-61).
2
Let p(v) = -129*v**2 - 93797*v + 177883. What is p(-729)?
7
Let d(j) = -170*j**2 + 5264*j + 248. What is d(31)?
62
Let a(o) = -211*o**2 + 229*o - 808. What is a(4)?
-3268
Let r(l) = -271723*l + 2445504. What is r(9)?
-3
Let j(n) = -n**3 - 91*n**2 - 1011*n + 121. What is j(-78)?
-113
Let h(v) = v**3 + 90*v**2 + 658*v + 50647. Determine h(-89).
6
Let d(f) = 1790*f - 35819. What is d(20)?
-19
Let w(b) = -206319*b + 8046443. Give w(39).
2
Let t(f) = 245*f + 5151. Determine t(-18).
741
Let b(f) = -28*f**2 - 228*f + 458. Calculate b(2).
-110
Let j(r) = 7777*r + 85702. Determine j(-11).
155
Let k(o) = 2361*o + 16462. Determine k(-7).
-65
Let g(l) = l**3 + 13*l**2 + 10*l + 448. Calculate g(-14).
112
Let n(y) = 506*y - 43343. Determine n(84).
-839
Let q(w) = 8892*w + 53336. What is q(-6)?
-16
Let m(v) = -15*v**2 + 811*v - 4720. What is m(8)?
808
Let f(x) = 510*x + 104242. Give f(-203).
712
Let o(d) = -39055*d - 429602. Give o(-11).
3
Let c(x) = -4*x**3 - 685*x**2 - 8944*x + 780. Calculate c(-157).
-5
Let u(k) = -5*k**3 + 627*k**2 + 1665*k - 38. Determine u(128).
90
Let g(b) = -72*b**2 + 10041*b + 10041. Determine g(-1).
-72
Let a(r) = 7*r**2 - 930*r - 35552. What is a(-31)?
5
Let g(y) = -y**2 - 8743*y + 91. What is g(0)?
91
Let k(y) = y**3 - 14*y**2 + 23*y - 95. Calculate k(13).
35
Let q(m) = m**3 + 169*m**2 - 166*m - 28104. What is q(-169)?
-50
Let i(w) = w**3 + 11*w**2 - 387*w - 3755. Give i(-10).
215
Let a(q) = 4*q**3 + 61*q**2 + 161*q. Calculate a(-3).
-42
Let k(z) = -11*z**2 - 8447*z + 8449. Calculate k(1).
-9
Let t(g) = 2187*g - 572984. What is t(262)?
10
Let s(f) = -2*f**2 + 1454*f + 4354. Determine s(-3).
-26
Let h(w) = -104287*w - 834287. Give h(-8).
9
Let p(c) = 1036288*c + 1036285. Calculate p(-1).
-3
Let p(k) = k**3 + 39*k**2 - 1507*k + 120. Determine p(-63).
-195
Let q(r) = r**2 + 43*r + 184. Calculate q(-7).
-68
Let h(j) = -3*j**3 + 9*j**2 - 34*j - 14. Calculate h(8).
-1246
Let t(z) = -z**2 - 200*z + 33324. Give t(108).
60
Let y(f) = -6*f**3 - 2*f**2 + 9*f - 24. Give y(2).
-62
Let c(f) = -51*f**2 + 1241*f - 1236. Determine c(1).
-46
Let q(t) = -3*t**2 - 1600*t + 21270. Calculate q(13).
-37
Let k(y) = -y**3 - 65*y**2 + 219*y - 13. Calculate k(3).
32
Let q(f) = -10*f**2 - 257*f + 1169. Determine q(-29).
212
Let f(h) = -19532*h - 117209. Determine f(-6).
-17
Let k(v) = -2*v**3 + 95*v**2 - 180*v - 8. Calculate k(2).
-4
Let f(p) = -p**3 + 203*p**2 - 1378*p + 921. Give f(196).
-255
Let z(q) = -q**2 + 113*q - 1800. Determine z(18).
-90
Let q(k) = -22*k**2 - 359*k + 671. Calculate q(-18).
5
Let g(u) = -2*u**3 + 60*u**2 + 106*u - 4913. Give g(29).
-157
Let i(t) = 12*t**2 - 3335*t + 53222. Give i(17).
-5
Let g(v) = -4153*v - 344760. Calculate g(-83).
-61
Let c(b) = -584*b + 140152. What is c(240)?
-8
Let s(m) = -2241*m + 109652. What is s(49)?
-157
Let i(q) = 7195*q - 223006. What is i(31)?
39
Let d(h) = -263*h**2 - 1296*h + 17. What is d(-5)?
-78
Let s(m) = -147*m**2 + 172*m + 60. What is s(2)?
-184
Let r(u) = -3*u**2 + 977*u - 66416. Determine r(229).
-6
Let j(l) = l**3 - 212*l**2 - 645*l + 266. Determine j(215).
266
Let h(g) = 5*g**3 - 35*g**2 + 141*g + 78. Give h(6).
744
Let b(q) = -98101*q + 1177212. Determine b(12).
0
Let n(i) = 3*i**3 + 1372*i**2 - 12120*i - 1868. Give n(-466).
-4
Let i(h) = -3*h**3 - 178*h**2 - 783*h - 3763. Give i(-55).
-23
Let p(y) = 216*y**2 - 14870*y - 123. Calculate p(69).
2223
Let p(v) = -2*v**3 + 483*v**2 - 4404*v - 934. Calculate p(232).
-6
Let z(s) = 19878*s - 2445009. What is z(123)?
-15
Let p(i) = i**3 + 526*i**2 + 8179*i + 289. What is p(-16)?
-15
Let u(c) = c**2 - 1041*c + 259640. What is u(414)?
62
Let u(b) = -63*b - 245. Determine u(-3).
-56
Let a(t) = 5161*t + 309464. Give a(-60).
-196
Let k(c) = -c**2 + 9752*c - 2227311. Give k(234).
-99
Let l(a) = -1749*a + 78719. Calculate l(45).
14
Let k(z) = -z**3 + 27*z**2 + 45*z - 13. Determine k(26).
1833
Let l(v) = 2*v**2 + 37*v - 12. Determine l(0).
-12
Let y(a) = -37*a**2 - 246*a - 483. What is y(-2)?
-139
Let b(t) = -17*t**2 + 309*t + 2064. Calculate b(-5).
94
Let h(u) = u**3 + 143*u**2 - 144*u + 189. What is h(-144)?
189
Let q(s) = 212*s**2 + 9753*s - 19. Give q(-46).
-65
Let z(c) = 14*c**3 + 1201*c**2 + 1125*c + 16154. What is z(-85)?
4
Let t(a) = a**3 - 191*a**2 + 2129*a + 805. Give t(179).
-2596
Let k(y) = 37*y**2 + 4050*y + 87201. What is k(-80)?
1
Let p(b) = 3311*b + 1456. Determine p(-1).
-1855
Let a(l) = 83841*l + 167671. Calculate a(-2).
-11
Let u(z) = 3*z**2 - 318*z + 6477. Give u(83).
750
Let v(s) = -3717*s - 100439. Give v(-27).
-80
Let t(l) = 2*l**2 - 322*l + 6623. What is t(132)?
-1033
Let n(g) = g**3 + 236*g**2 + 5275*g + 1. Calculate n(-211).
1
Let j(a) = a**3 - 41*a**2 + 702*a + 27. Determine j(21).
5949
Let p(c) = 20*c**2 + 2959*c + 87635. Determine p(-107).
2
Let j(x) = 6338*x**2 - 57041*x + 14. Calculate j(9).
23
Let t(k) = -24548*k + 171787. What is t(7)?
-49
Let c(k) = 37*k**2 + 8586*k + 346. What is c(-232)?
-118
Let h(j) = 174924*j + 3148642. What is h(-18)?
10
Let j(q) = 1058*q - 79350. What is j(75)?
0
Let n(j) = 215100*j + 5377497. Calculate n(-25).
-3
Let c(t) = 2*t**2 + 182*t + 1349. Determine c(-105).
4289
Let b(x) = 13*x**2 + 333*x - 12. What is b(-27)?
474
Let w(t) = -3*t**2 + 595*t - 5059. Calculate w(9).
53
Let t(m) = -148*m + 26392. What is t(178)?
48
Let i(r) = -138*r**2 + 48*r - 108. Calculate i(2).
-564
Let k(y) = y**3 - 107*y**2 + 339*y - 24638. Determine k(106).
60
Let m(h) = h**2 + h - 12. Give m(9).
78
Let l(s) = -6090*s + 1236270. Calculate l(203).
0
Let l(x) = 2*x**3 - 252*x**2 - 17*x - 285. What is l(126)?
-2427
Let v(w) = -566*w**2 + 85487*w - 3165. Calculate v(151).
6
Let y(s) = 369*s - 119322. Calculate y(323).
-135
Let v(c) = -13116*c + 11699493. Calculate v(892).
21
Let d(j) = -27*j**3 - 27*j**2 - 643*j - 1288. Determine d(-2).
106
Let v(d) = -244*d - 4895. What is v(-20)?
-15
Let l(z) = 7*z**2 + 128*z - 76. What is l(-14)?
-496
Let k(w) = 850*w - 99438. What is k(117)?
12
Let o(z) = -269*z - 11573. What is o(-43)?
-6
Let a(s) = -3*s**3 - 542*s**2 - 534*s - 31308. Determine a(-180).
12
Let q(x) = -42*x**2 + 4919*x - 101. Determine q(118).
-4467
Let l(u) = 13698*u + 205495. Calculate l(-15).
25
Let g(f) = -f**3 - 12*f**2 + 271*f - 1501. Determine g(9).
-763
Let v(k) = 3710*k - 66954. Determine v(18).
-174
Let b(r) = 5*r**3 + 284*r**2 - 78*r - 1189. What is b(-57)?
8
Let t(n) = n**2 + 204*n + 3281. Determine t(-179).
-1194
Let a(x) = 72*x**3 + x**2 - 796*x - 796. What is a(-1)?
-71
Let v(t) = t**2 - 6827*t + 115766. Determine v(17).
-4
Let n(o) = -46513*o - 2744268. Calculate n(-59).
-1
Let v(c) = c**2 - 3224*c + 2166898. Determine v(955).
3
Let k(o) = o**2 - 136*o + 1515. What is k(13)?
-84
Let k(n) = 91183*n - 91064. Calculate k(1).
119
Let d(g) = 2*g**3 - 6*g**2 - 2259*g - 6773. Determine d(-3).
-104
Let x(p) = 15*p**2 - 968*p - 1255. Give x(66).
197
Let v(j) = 2*j**3 + 576*j**2 + 471*j - 29596. What is v(-287)?
-35
Let l(j) = 2*j**3 + 21*j**2 - 84*j - 827. Give l(-11).
-24
Let l(i) = 133*i**2 + 9*i - 1384. What is l(0)?
-1384
Let z(f) = 6153*f - 30805. Calculate z(5).
-40
Let t(f) = f**3 - 37*f**2 + 633*f + 669. What is t(-1)?
-2
Let w(g) = -2*g**3 - 16*g**2 + 100*g - 258. Determine w(-11).
-632
Let h(v) = -16*v**2 + 44738*v + 89474. Give h(-2).
-66
Let z(x) = x**3 - 123*x**2 - 7126*x - 1850. Calculate z(166).
142
Let b(z) = -2*z**3 - 33*z**2 - 56*z + 892. Give b(-11).
177
Let s(a) = -a**3 - 18*a**2 - 60640*a + 732006. What is s(12)?
6
Let n(t) = -1025*t - 37292. What is n(-36)?
-392
Let g(m) = -10*m**2 - 165*m - 25. Determine g(-20).
-725
Let o(s) = -38*s**2 - 10580*s - 584591. Calculate o(-76).
1
Let p(h) = -436*h**2 - 412*h - 16. Give p(-1).
-40
Let w(q) = 337*q + 673. Calculate w(-2).
-1
Let q(o) = 477*o + 3161. Determine q(-5).
776
Let p(r) = -773*r - 337772. Determine p(-437).
29
Let u(m) = -3104*m**3 + 5*m**2 - 45*m + 42. Determine u(1).
-3102
Let k(m) = -2*m**3 - 61*m**2 - 328*m - 34. Give k(-24).
350
Let v(a) = 17*a**2 - 4*a - 63. Give v(-4).
225
Let k(t) = t**3 + 21*t**2 + 64*t + 8. Give k(-7).
246
Let a(g) = -87*g + 336. Give a(0).
336
Let q(k) = -103*k**2 + 4516*k + 9031. What is q(-2)?
-413
Let l(x) = 123*x**3 - 2